9089.
59
What is the remainder when 4173046 is divided by 6720?
6646
Calculate the remainder when 53112396 is divided by 17704128.
12
What is the remainder when 18714176 is divided by 9?
8
What is the remainder when 5404364 is divided by 60?
44
Calculate the remainder when 260180 is divided by 86419.
923
What is the remainder when 9565357 is divided by 771?
331
What is the remainder when 401857078 is divided by 12?
10
Calculate the remainder when 16582364 is divided by 264.
260
Calculate the remainder when 4405648 is divided by 2320.
2288
What is the remainder when 617611 is divided by 236?
235
Calculate the remainder when 263547 is divided by 1689.
63
Calculate the remainder when 1248128 is divided by 942.
920
What is the remainder when 13772747 is divided by 89?
86
Calculate the remainder when 46547860 is divided by 532.
520
Calculate the remainder when 652998 is divided by 6219.
3
Calculate the remainder when 49444 is divided by 3774.
382
What is the remainder when 6676203 is divided by 2225366?
105
What is the remainder when 55243825 is divided by 26?
13
What is the remainder when 4376905 is divided by 115177?
179
Calculate the remainder when 57740 is divided by 464.
204
What is the remainder when 1602603 is divided by 653?
141
What is the remainder when 112203755 is divided by 212?
211
What is the remainder when 98725 is divided by 96963?
1762
What is the remainder when 471728618 is divided by 1759?
1757
Calculate the remainder when 1033349 is divided by 216.
5
Calculate the remainder when 126678 is divided by 5756.
46
What is the remainder when 52873738 is divided by 7303?
18
Calculate the remainder when 147422 is divided by 8611.
1035
What is the remainder when 3024480 is divided by 89?
82
What is the remainder when 2924898 is divided by 2924866?
32
Calculate the remainder when 24902799 is divided by 47.
37
Calculate the remainder when 13293784 is divided by 241705.
9
What is the remainder when 1226038 is divided by 3686?
2286
What is the remainder when 113947 is divided by 8737?
366
Calculate the remainder when 1066862980 is divided by 1018.
1016
What is the remainder when 19723 is divided by 6225?
1048
What is the remainder when 163304 is divided by 12506?
726
What is the remainder when 1739776439 is divided by 4476?
4475
What is the remainder when 2638760 is divided by 36147?
29
What is the remainder when 1290675 is divided by 430218?
21
What is the remainder when 34453175 is divided by 378?
365
What is the remainder when 15160839 is divided by 2690?
2689
Calculate the remainder when 13916 is divided by 2324.
2296
Calculate the remainder when 819729 is divided by 633.
627
Calculate the remainder when 6969963 is divided by 1393991.
8
What is the remainder when 82032 is divided by 70?
62
Calculate the remainder when 82637275 is divided by 617.
614
Calculate the remainder when 11675002 is divided by 312.
274
What is the remainder when 387904 is divided by 25859?
19
Calculate the remainder when 5571786 is divided by 18.
12
Calculate the remainder when 260590 is divided by 421.
412
Calculate the remainder when 364240 is divided by 60701.
34
What is the remainder when 29755995 is divided by 9?
6
What is the remainder when 147816490 is divided by 434?
430
Calculate the remainder when 67947 is divided by 8299.
1555
What is the remainder when 1030964350 is divided by 2112?
2110
What is the remainder when 1952213 is divided by 61006?
21
What is the remainder when 16019593 is divided by 8009792?
9
What is the remainder when 4347201 is divided by 30614?
13
Calculate the remainder when 281202 is divided by 524.
338
What is the remainder when 6337842 is divided by 2112601?
39
What is the remainder when 453669 is divided by 453665?
4
What is the remainder when 133192 is divided by 133063?
129
Calculate the remainder when 30777223 is divided by 85.
83
Calculate the remainder when 59530 is divided by 1146.
1084
Calculate the remainder when 94965672 is divided by 2960.
2952
Calculate the remainder when 69165266 is divided by 4852.
6
What is the remainder when 15983314 is divided by 9746?
9620
What is the remainder when 1573532 is divided by 3466?
3434
Calculate the remainder when 54815 is divided by 13620.
335
Calculate the remainder when 1290078 is divided by 214975.
228
What is the remainder when 405939 is divided by 590?
19
Calculate the remainder when 914817 is divided by 12.
9
What is the remainder when 573950 is divided by 137?
57
What is the remainder when 2754083 is divided by 124?
43
Calculate the remainder when 93035 is divided by 588.
131
Calculate the remainder when 35608 is divided by 5057.
209
What is the remainder when 165092 is divided by 790?
772
What is the remainder when 41830 is divided by 20468?
894
Calculate the remainder when 40903054 is divided by 1261.
1258
Calculate the remainder when 61097978 is divided by 59.
56
What is the remainder when 16801536 is divided by 3431?
3360
Calculate the remainder when 80365479 is divided by 20091368.
7
Calculate the remainder when 3784710 is divided by 1642.
1542
Calculate the remainder when 17509841 is divided by 5465.
5446
Calculate the remainder when 15965175 is divided by 136.
135
Calculate the remainder when 780089 is divided by 641.
633
What is the remainder when 1324153 is divided by 48?
25
Calculate the remainder when 7343053 is divided by 1007.
9
What is the remainder when 90639988 is divided by 63?
61
Calculate the remainder when 37067544 is divided by 731.
727
What is the remainder when 1541414 is divided by 37?
31
What is the remainder when 1631048 is divided by 3?
2
What is the remainder when 57114 is divided by 11?
2
What is the remainder when 62711 is divided by 8913?
320
What is the remainder when 1269951479 is divided by 1512?
1511
Calculate the remainder when 337721 is divided by 22513.
26
What is the remainder when 113348 is divided by 8634?
1106
What is the remainder when 373028 is divided by 1936?
1316
Calculate the remainder when 635429 is divided by 1713.
1619
What is the remainder when 61703 is divided by 1420?
643
Calculate the remainder when 2628062 is divided by 1029.
1025
What is the remainder when 7835993 is divided by 1159?
1153
What is the remainder when 1607629 is divided by 401864?
173
Calculate the remainder when 4074443 is divided by 16.
11
What is the remainder when 647541 is divided by 929?
28
Calculate the remainder when 17121 is divided by 16998.
123
Calculate the remainder when 58442 is divided by 8624.
6698
What is the remainder when 18603578 is divided by 381?
110
What is the remainder when 106948146 is divided by 33?
30
Calculate the remainder when 836364 is divided by 92928.
12
Calculate the remainder when 4156612 is divided by 3490.
22
What is the remainder when 1582990 is divided by 1540?
1410
What is the remainder when 4210 is divided by 9?
7
What is the remainder when 50164 is divided by 509?
282
Calculate the remainder when 177545 is divided by 17753.
15
Calculate the remainder when 107774 is divided by 84.
2
Calculate the remainder when 178309 is divided by 22078.
1685
What is the remainder when 9763086 is divided by 390523?
11
What is the remainder when 2748941 is divided by 2522?
2483
What is the remainder when 68855523 is divided by 137987?
10
Calculate the remainder when 22726191 is divided by 24.
15
What is the remainder when 64394 is divided by 4579?
288
What is the remainder when 4975505 is divided by 2420?
2405
Calculate the remainder when 353793 is divided by 1913.
1801
Calculate the remainder when 780616 is divided by 780610.
6
Calculate the remainder when 597467 is divided by 59723.
237
What is the remainder when 43733 is divided by 42490?
1243
Calculate the remainder when 51864961 is divided by 111.
100
Calculate the remainder when 24635 is divided by 1252.
847
What is the remainder when 101260320 is divided by 14204?
4
What is the remainder when 404140 is divided by 1611?
1390
What is the remainder when 247580 is divided by 123154?
1272
What is the remainder when 381135 is divided by 1679?
2
What is the remainder when 291985 is divided by 19459?
100
Calculate the remainder when 2039735 is divided by 15.
5
Calculate the remainder when 136809 is divided by 19537.
50
What is the remainder when 1159722 is divided by 1404?
18
Wha